
Suppose 0 = r, 0 = -5*p - 16*r - 8*r + 21*r + 116305. What is the hundreds digit of p?
2
Let r be 7/(14/(-10))*(-11)/1. Suppose 39*y = r*y - 10448. What is the hundreds digit of y?
6
Let x(s) = 1009*s - 1327. What is the hundreds digit of x(22)?
8
What is the hundreds digit of -3 + 61908/9 - ((-175)/21 - -9)?
8
Suppose -26*y = -21*y + 15. Let q(u) = -5*u - 11. Let c be q(y). Suppose 0 = 5*p - 2*g - 363 - 284, c*p + g - 515 = 0. What is the tens digit of p?
2
Let r be (3 + 4)*(3 + -2). What is the hundreds digit of 1/r*33985/5?
9
Let c(w) = 4*w**3 - w**2. Let d be c(1). Suppose -d*b - 9 = 0, -4*x - b + 951 = 110. What is the units digit of x?
1
Suppose 4*d - 27 = -15. Suppose 0*b = 3*b + 5*v - 1134, -d*b + 1116 = -v. What is the units digit of b?
3
Let w(l) = l**3 - 74*l**2 + 101*l + 961. What is the tens digit of w(79)?
4
Let o(x) = 5*x**2 + 32*x + 54. Let s be o(-17). Let v = -485 + s. What is the hundreds digit of v?
4
Let b(o) = -o**3 + o**2. Let p be b(0). Suppose -v - 3*v - 160 = -4*f, p = -2*f - 3*v + 100. Let d = f - 24. What is the units digit of d?
0
Suppose 15530 = 5*q + 5*r, -48*r + 44*r = -2*q + 6242. What is the thousands digit of q?
3
Let p = -105 - -170. Suppose p = -w + 335. What is the tens digit of w?
7
Suppose -18*y + 30821 - 2345 = 0. What is the tens digit of y?
8
Let v = -61 - -39. Let a(r) = 2*r + 48. Let d be a(v). What is the units digit of (-2)/(d - 6) + 4?
5
Suppose i - 36134 = -5*g - 954, 21108 = 3*g - 4*i. What is the units digit of g?
6
Let k(m) = 2*m**2 + 165*m + 988. What is the hundreds digit of k(74)?
1
Suppose 0 = 37*a - 34*a + 4*g - 10917, 0 = 5*a + 2*g - 18167. What is the units digit of a?
1
Suppose -215 + 176 = -13*v. Suppose -5*m = -2*w + 13, m - 10 - 1 = -3*w. Suppose j + 4*j + w*s - 460 = 0, -5*j = v*s - 460. What is the units digit of j?
2
Suppose -37*z = -41*z + 28. Let a(f) = 3*f - 19. Let y be a(z). Suppose 5*b = -y*m + 553, 3*m = -0*m + 12. What is the hundreds digit of b?
1
Let m(u) = -19*u - 147. Let q be m(-8). Suppose a = f - q*f + 332, 3*f = -3*a + 969. What is the tens digit of a?
2
Suppose 1090 = 3*b - 24*u + 25*u, -5*b + 3*u = -1826. Suppose 6848 = -360*d + b*d. What is the thousands digit of d?
1
Suppose 2*a - 989 = -3*r, 7*a + 5*r - 1977 = 3*a. Suppose -a = 4*k + 3*o, -5*k + o = -2*o + 623. What is the units digit of k/(-4) - (0 + 1)?
0
Suppose 176 = 5*r - 4*m - 75, -176 = -4*r - 3*m. Let w = r - 81. Let b = 52 + w. What is the tens digit of b?
1
Let n = 392 - 1009. Let p = n - -1052. Suppose -p - 273 = -4*m. What is the units digit of m?
7
Let l = 4930 + 1156. What is the tens digit of l?
8
Let l be ((-20)/(-4))/(7 + 12/(-2)). Suppose 0 = l*h - 1283 - 232. What is the hundreds digit of h?
3
Suppose -3*m - 2*t + 1511 = 0, m = -5*t + t + 507. Suppose 0 = 12*g - m - 1309. What is the hundreds digit of g?
1
Let m(x) = -114*x**3 - 7*x - 51. What is the units digit of m(-5)?
4
Let c(j) be the third derivative of -j**4/6 - 13*j**3/2 + 2*j**2. Let n be c(-11). Let f(r) = 27*r - 22. What is the hundreds digit of f(n)?
1
What is the hundreds digit of 40778 - 3 - (-69 + 63)?
7
Suppose 2*k = -3 - 13. Let m be k - -4 - (0 + -2). Let q(l) = -26*l + 14. What is the units digit of q(m)?
6
Let a be (-126)/30 + (12/(-15) - -1). Let k = 141 - a. What is the tens digit of k?
4
Let k = 11 - -1. Let m be (-220)/(-6) - 8/k. Suppose m*w + 156 = 40*w. What is the tens digit of w?
3
Let g(d) = -304*d - 491. What is the hundreds digit of g(-36)?
4
Let v = 102 + -44. Let x = v + -6. Let i = 115 - x. What is the tens digit of i?
6
Let m(n) = -2*n + 14 - 13 + n**2 - 29. Let d be (-134)/11 + (-22)/(-121). What is the hundreds digit of m(d)?
1
Let l be 1/(-4 + (-136)/(-32)). Suppose 3*c - 6 = 0, -5*x + 0*x - l*c + 1218 = 0. What is the hundreds digit of x?
2
Suppose -5*c + 2*v - 220 = 0, -3*v - 220 = 5*c + 2*v. Let q = 49 + c. Suppose 255 = -0*s + 5*s + q*d, 2*s = d + 102. What is the tens digit of s?
5
Let x be (54/24)/((6/(-368))/(-1)). Let f = x + 335. What is the hundreds digit of f?
4
What is the thousands digit of (-1)/(13/52) - -5392?
5
Let r be (-542)/(-10) + 24/(-120). Let h = r + -49. Suppose 19*v - 2968 = h*v. What is the units digit of v?
2
Suppose -5*i + 19 = -2*b - 6, 4*b = i - 5. Let n be -2 - (-1 + b - 51) - -2. Let l = n + -21. What is the units digit of l?
1
Let d = -1 + 6. Suppose -4*c + 4 = -5*k, 3*k + 0 + 5 = d*c. Suppose -m + 1 = -k*m, 2*f - 10 = 4*m. What is the units digit of f?
7
Let x(j) = 4*j**3 + 5*j**2 + j - 3. Let u(r) = -4*r**3 - 5*r**2 - r + 2. Let a(o) = -2*u(o) - 3*x(o). What is the tens digit of a(-6)?
9
What is the hundreds digit of 90443 + ((-5130)/10)/27?
4
Suppose 2*a = 4*h - 100, 2*h - 24 = -2*a + 26. What is the units digit of ((-18540)/h)/(-6) + (-6)/(-15)?
4
Let q(i) be the second derivative of i**3/3 - 15*i**2/2 + 8*i. Let y be q(9). Suppose 3*s - f = -y*f + 413, 0 = -3*s + 2*f + 433. What is the tens digit of s?
4
Let k be 39/8 + (-52)/(-416). Suppose 3829 = b + 2*b - k*x, -2*x = -2*b + 2558. What is the hundreds digit of b?
2
Let k(t) = 480*t**2 + 1. Let w be 1/(-5)*(17 - 22). What is the hundreds digit of k(w)?
4
Let g = 689 - 682. What is the units digit of ((g - -1)*771/(-6))/(-2)?
4
Let f = -139 - -144. Suppose -5*u = -f*x - 25, 2*x + x + 19 = 4*u. Suppose -u*w + 1236 = -0*w. What is the tens digit of w?
0
Let p = 239 - 301. Let j = p - -199. What is the units digit of j?
7
Let o(q) = q**2 + 1. Let v(l) = -11*l**2 + 41*l + 11. Let k(m) = 6*o(m) + v(m). Let j be k(13). Let y = j + 424. What is the hundreds digit of y?
1
Suppose 5*j = -4*d + 29, -18 + 1 = -2*d - 3*j. Suppose 30*g + 51 + 9 = 0. What is the hundreds digit of ((-2)/g)/(d/110)?
1
Suppose -2*w - 3*i - 9088 = -26831, 0 = -4*w - 2*i + 35490. What is the units digit of w?
3
Let x(b) = 26*b**2 + 65*b + 30. What is the thousands digit of x(35)?
4
Let t = -672 + 721. Suppose 51*l - t*l = 1578. What is the hundreds digit of l?
7
Let p = 45 + -38. What is the units digit of 764 - (0 - -6) - p?
1
Let i(g) = g - 21. Let f be i(20). What is the tens digit of (-220 - 3)*f - (-4)/2?
2
Let g(s) be the first derivative of s**4/4 - s**3 - 3*s**2 - 9. Let r be g(5). Suppose 24*v - 120 = r*v. What is the tens digit of v?
3
What is the hundreds digit of 4 + (-4)/((-20)/15) - -11024?
0
Let o(y) = 3*y**2 - y + 2. Let m be o(-2). Let w = m + -14. What is the hundreds digit of (59 - -2)*4*1/w?
1
Let i(y) = 93*y**2 + 43*y - 492. What is the thousands digit of i(8)?
5
Let u be 147/(-24) - (-3)/24. Let g(j) = -j**3 - 9*j**2 - 11*j - 12. Let y be g(u). Let b = 91 + y. What is the tens digit of b?
3
Suppose 0 = -3*o - 26*u + 28*u + 6643, -2*o = 4*u - 4434. Let w = o + -1335. What is the units digit of w?
0
Let s be (-22)/(-44) - (-773)/2. Let y = -292 + s. What is the units digit of y?
5
Suppose 19*g - 8507 = 75910. What is the thousands digit of g?
4
Let x(y) = 2*y**3 - 2*y**2 - 5*y. Let u be x(24). Suppose -11*l + u = -18*l. What is the units digit of 6/4 - l/16?
7
Suppose -5*p - 22 = r, -3*r + 3*p + 0*p = -24. Suppose -5*v - 357 = 2*g - 6684, -2*g + 3793 = r*v. What is the thousands digit of v?
1
Suppose 103733 + 115723 = 32*p. What is the tens digit of p?
5
Suppose -2*m + 108337 = 61*i - 56*i, 0 = 5*m + 3*i - 270776. What is the tens digit of m?
5
Let l(w) = w**3 - 38*w**2 - 265*w + 736. What is the thousands digit of l(53)?
8
Let d = 7669 + 4509. What is the ten thousands digit of d?
1
Suppose 11*z = 98 - 32. Let u(l) = 29*l - 86. What is the units digit of u(z)?
8
Suppose 0*a - a = 5*s + 1, 5*s = 5*a + 5. Suppose 2*d + 3*g = s, -d - 5*g = 3*d. What is the units digit of d - -56 - (13 + -13)?
6
Let f(i) = -i**3 - 15*i**2 + 23*i + 9. Let y be f(-16). Let l = 55 - 99. Let z = l - y. What is the units digit of z?
9
Let n be 6*(-136)/(-48) + 2. Suppose 9896 - 40904 = -n*s. What is the hundreds digit of s?
6
Suppose z - 3*o = 0, -4*z + 35 = 5*o + 18. Suppose 2*t + 572 = j + 5*t, -5*j = z*t - 2812. What is the tens digit of j?
6
Let w(l) = 4*l - 25. Let j(z) = 4*z - 24. Let m(q) = 5*j(q) - 4*w(q). Let a be m(5). What is the units digit of 1*((6 + a)*7 - 2)?
0
Suppose -10 = -2*v + v. Let r be v/(-3)*(-192)/80. Let o = 133 - r. What is the tens digit of o?
2
What is the ten thousands digit of (-4)/5 - ((-2)/10)/((-5)/(-784845))?
3
Wh